8*a - 11*a + 1734. Suppose -2*v - 3*o = -102 - 461, 2*v - 2*o = a. Does 21 divide v?
False
Let f be ((-90)/(-35))/6 + (-3172)/(-14). Suppose 0 = f*h - 225*h - 244. Does 43 divide h?
False
Suppose -19*b - 15 = -16*b. Let t(f) = -18*f - 3. Let j(s) = -36*s - 7. Let y(z) = b*t(z) + 2*j(z). Does 20 divide y(6)?
False
Suppose 264323 + 521437 = 61*r + 59*r. Does 89 divide r?
False
Let o = 239 - -3307. Is o a multiple of 65?
False
Suppose 5*s - 20 = 0, -8*s = 2*t - 4*s - 12. Let o be (-1 + (-1 - -1))/(t/10). Suppose 0 = -o*h + 3*m + 60, -5*m + 3*m = -2*h + 28. Is 2 a factor of h?
False
Let v = -140 - -80. Is 38 a factor of 90/v - (-711)/2?
False
Suppose 4*l - 22883 = v + 4989, 0 = -3*l + 5*v + 20921. Is 12 a factor of l?
False
Let o = -8 - -14. Suppose o*w + 24 = 9*w. Let h(q) = -q**2 + 10*q - 8. Is h(w) even?
True
Does 29 divide 17725/20*(-4756)/(-205)?
True
Suppose 3*t - 3*c + 455 - 1622 = 0, -4*c = 2*t - 772. Suppose -827 = -9*w + t. Is w a multiple of 13?
False
Let x = 31050 + -28537. Is x a multiple of 15?
False
Let x be (1 + -1)/(6 + -9). Suppose -3*d - 15 + 36 = x. Suppose 4*f = 4*c - 52, -f + 2 = c - d. Is 9 a factor of c?
False
Suppose 2*d + 5*z = 14665, 32 = -4*z + 28. Is 14 a factor of d?
False
Does 12 divide 21*-11*1500/(-70)?
False
Let i(y) = 0 + 1 - 69*y + 58*y. Let t be i(-2). Let v = t + -9. Is 7 a factor of v?
True
Suppose -3*w + 36 + 72 = 0. Suppose -59*l = -43*l + 272. Let q = w + l. Does 19 divide q?
True
Suppose -4*c = -434 - 190. Suppose -d + 0*p - 2*p = -147, -p = -d + c. Is 19 a factor of d?
False
Let h(f) = 2326*f + 2170. Does 24 divide h(5)?
True
Let k(l) = -2184*l**3 + 66*l**2 + 133*l + 3. Is 109 a factor of k(-2)?
False
Does 18 divide (10 - 8)*-1*-269?
False
Let x = 370 - 134. Is 3 a factor of (57/(-12) + 4)/((-1)/x)?
True
Let g(k) = 14*k**3 - 5*k**2 + 3*k - 4. Let i(w) = -w**3 - 15*w**2 + 2*w + 33. Let c be i(-15). Is 25 a factor of g(c)?
False
Let a(x) = 0 + 8*x + 2*x**2 - 3 - 3*x + 0*x**2. Let o be a(-4). Suppose -v + 36 - o = -y, -5*y + 185 = 5*v. Does 3 divide v?
False
Suppose -2*c - 6 = c, 9*c = 5*z - 1973. Is 10 a factor of z?
False
Let i(k) be the first derivative of 21*k**2/2 + 72*k - 115. Does 11 divide i(29)?
False
Let v(k) = -583*k - 1. Let q be v(-1). Suppose -q = j + 3*j + 5*m, 721 = -5*j - 3*m. Let z = -95 - j. Does 24 divide z?
True
Let c(f) = -5*f**3 - 7*f**2 + 36*f - 17. Let q be c(-9). Suppose -3*t - 5*u = -q, 0*u + 3*u - 907 = -t. Is 6 a factor of t?
False
Let n = 77 + -48. Suppose -o - 11 + n = -3*j, -5*o + 22 = 2*j. Suppose -85 = -o*r + 347. Is r a multiple of 18?
True
Suppose -5*f + 31*k - 33*k = -127052, -2*k - 50818 = -2*f. Is 77 a factor of f?
True
Suppose 2*y + 6292 = 4*d, 2*d - 4719 = -d + 4*y. Is d a multiple of 10?
False
Suppose -4572 = -2*s - t, 5*s - 6398 = -2*t + 5034. Is s a multiple of 11?
True
Let z(c) = 49*c**3 - 57*c**3 - 55*c**3 + 3*c**2 + 1 + 3*c. Let d be z(3). Is 21 a factor of 6/15 - d/40?
True
Let a(j) = 7*j + 7. Let x be (-15)/(-12) - (-3 - 0)/(-12). Let f be a(x). Suppose -f*d + 2104 = 88. Does 18 divide d?
True
Let y = 23873 - 6593. Does 24 divide y?
True
Let f = 2706 + -1442. Does 16 divide f?
True
Suppose -35*m = -31*m - 86330 + 7466. Is 31 a factor of m?
True
Suppose 0 = 6*h - 209 + 29. Is h/(-135) + (-1246)/(-18) a multiple of 8?
False
Is 39 a factor of -2 + 25192 + (26/(-208) - (-33)/8)?
True
Let v(i) = 27*i**3 + 2*i**2 - 3*i + 5. Let l be v(2). Suppose 3*a + 5 = -l. Let s = a - -192. Does 12 divide s?
False
Let l = 286 + -288. Let j = -3 + -8. Is j*2/l - -3 a multiple of 14?
True
Let c be (-1 + (-56)/5)*(-50)/10. Let p(u) = 64 - 104*u + 52*u + c*u. Does 19 divide p(23)?
False
Let y(m) = 4*m + 11. Let t be y(46). Is ((-9490)/t)/(2/(-18)) a multiple of 15?
False
Suppose 194*n - 919212 = 163*n. Is 21 a factor of n?
True
Let x(l) = l + 4*l**3 - l - 5*l**3. Let a be x(0). Suppose a = 7*t + 33 - 117. Is 3 a factor of t?
True
Suppose 3850 = 7*a - 5362. Let y = a + -852. Does 16 divide y?
True
Suppose 272*g - 259*g = 163085. Is g a multiple of 150?
False
Let h(w) = w**3 + 13*w**2 + 14*w + 24. Let v be 58/(-5) - ((-81)/(-15) - 5). Let m be h(v). Suppose 2*t + m*t - 236 = 0. Is 15 a factor of t?
False
Let t be 1341 - -2*(4 + 0 - 6). Suppose 0 = -5*w + 2*w + 2*k + t, -4*k - 2229 = -5*w. Is 16 a factor of w?
False
Suppose 3440 - 155 = 3*h. Is 5/4 - h/(-20) a multiple of 7?
True
Let o(r) = 16*r**2 + 12*r - 31. Suppose 22*g - 80 = 6*g. Is o(g) a multiple of 15?
False
Let z = 637 - 635. Is 67 a factor of 1272 - (z + (-12 - -3) + 6)?
True
Suppose -5*n = 3*v - 36998, 729*v = 3*n + 730*v - 22194. Does 5 divide n?
False
Suppose 37 = d - 28. Suppose d*o = 70*o - 6490. Does 24 divide o/9 + (-2)/9?
True
Let g be -169 - (-4 + -3 + 3). Let c = g + 27. Let q = -94 - c. Does 14 divide q?
False
Suppose 19*n - 13*n = 7452. Is n a multiple of 27?
True
Let j(o) = 8*o**2 - 12*o - 15. Suppose 0 = -10*n + 91 + 19. Is j(n) a multiple of 8?
False
Let p = 18 + -40. Is (-99 + -3)/(4/p) a multiple of 11?
True
Does 9 divide 147612/28 + (-105)/(-49)?
True
Let b = 33573 - 18406. Does 13 divide b?
False
Suppose -18 = 3*z, 31594 - 84080 = -4*y + z. Is y a multiple of 82?
True
Let u = -23 + 74. Suppose 2*x = -3*l - 2*l + u, 4*x - 3*l = 89. Is (30/8)/(x/184) a multiple of 10?
True
Suppose -4*c + 8327 = 42*d - 43*d, -5*d + 8309 = 4*c. Is c a multiple of 3?
False
Suppose -190441 = -5*a - 21*a + 168775. Is 11 a factor of a?
True
Let s = -216 + 222. Is (495/s)/(28/168) a multiple of 33?
True
Suppose -19*g - 1330 = -33*g. Let c = g - -1. Is 5 a factor of c?
False
Let n = -88 - -133. Is (-12)/(-9)*5*n a multiple of 8?
False
Let x(v) = -61 + 61 + 2*v. Let f be x(0). Is 5 a factor of 35*(-4)/(f + -4)?
True
Let y(x) = -23*x + 48. Let h be y(2). Suppose j - h*j = -5*c - 18, -3*j - 5*c = -154. Is 2 a factor of j?
False
Suppose 0 = 10*b - 23 - 7. Suppose -2*a - 35 = -b*g, 6*g + 5*a - 100 = g. Is 8 a factor of g?
False
Let k(w) = -w**2 - 42*w - 4. Let f be k(-28). Suppose -23*l = -f - 624. Is 6 a factor of l?
False
Suppose 6*o - 19500 = 28164. Does 12 divide o?
True
Suppose 34222 = -26*n + 177560. Does 27 divide n?
False
Let v be 8/6 + 28/(-21). Suppose v*m - 24 = -3*m. Suppose 0*l + 248 = m*l. Is l a multiple of 9?
False
Let t(v) = -85*v - 36 - 16*v - 114*v - 6. Is 34 a factor of t(-6)?
False
Suppose -j + 7608 = -4*r, 89*j - 2*r + 15226 = 91*j. Does 173 divide j?
True
Suppose -2*z + 0*i - 8 = -4*i, -4*z - i + 29 = 0. Let u be 890 - z*(-3)/(-9). Suppose -2352 = -4*c - u. Is c a multiple of 61?
True
Let b be (216/7)/(6/28). Suppose 3*i + b = 4*i. Is i a multiple of 16?
True
Let d = 19614 + -13613. Is d a multiple of 6?
False
Is 5705 + 4 - (-63 + 52) a multiple of 65?
True
Suppose -25*f = -22*f - 15. Let u(j) = -208 + 218 + 0*j**2 + 15*j + 8*j**2. Is u(f) a multiple of 45?
False
Suppose -4*j = 3*b - 1530 - 477, 2*b - 10 = 0. Let m = j - 404. Is 10 a factor of m?
False
Let s(t) = t**3 - 18*t - 11. Let k be s(9). Let v = -280 + k. Is 12 a factor of v?
True
Let h(j) = -53*j**3 - 2*j**2 - 7*j - 4. Let i(s) = -4*s**3 + 5*s**2 - 6*s + 2. Let g be i(1). Is h(g) a multiple of 26?
True
Let a be 7 + 6/(18/(-1155)). Let b = a + 504. Is 9 a factor of b?
True
Is 43 a factor of (-17 - (-46 + 25))/((-1)/(-1498))?
False
Let y = 291 + -275. Suppose -y*t - 3120 = -64*t. Is 17 a factor of t?
False
Let w be (-2)/(-3)*(3 + 3). Suppose 0 = -3*s - s - w*b - 44, 0 = s - b + 9. Is 3 a factor of ((-36)/s)/(8/60)?
True
Let m = 2072 - -168. Is 80 a factor of m?
True
Let c be 32/(-6)*((-25)/10 + 1). Is 49 a factor of (-49)/2*(-42 + c)?
True
Suppose -18*r + 52 = -14*r. Suppose 3*x - r = -7. Is x/(-4)*(-3 + -4 + -79) a multiple of 6?
False
Let i(c) = 9*c - 81. Let j = -86 + 123. Is 18 a factor of i(j)?
True
Let n(g) = 3330*g - 210. Let m(d) = -238*d + 15. Let l(s) = 55*m(s) + 4*n(s). Does 43 divide l(1)?
True
Suppose -32*d + 35*d - v - 12672 = 0, 4*d - 5*v - 16885 = 0. Is d a multiple of 65?
True
Does 37 divide -5 - -2 - (-216104)/119?
True
Suppose -5*w = 5*o + 35, 6*w - 19 = 4*o + w. Let u be 526/(-2) + 9 + o. Does 3 divide u/(-10) + 4*1?
True
Let u = -4317 + 4195. Let p(r) = -54*r - 6. Let l be p(-6). Let y = l + u. Does 12 divide y?
False
Is 33 a factor of (-458 - -50)/(3/(-10))?
False
Let z be (-6)/((-6)/(23 + 7)). Suppose -r = -2*r - 69. Let m = z - 